the units digit of p?
7
Let m = 890 - 486. What is the hundreds digit of m?
4
Suppose 8*h + 21*h - 32*h = -162786. What is the thousands digit of h?
4
Let q(s) = -2514*s + 33. What is the hundreds digit of q(-3)?
5
Let p(m) = 9*m - 26. Suppose r - n - 26 + 8 = 0, 0 = -3*n - 15. Suppose 9*u - r = 59. What is the units digit of p(u)?
6
Let v(u) = -11*u + 186. Let b be v(-8). What is the units digit of ((-59)/(-4))/(-2 - b/(-136))?
3
Let s(m) = 9*m**2 + 375*m - 31. What is the units digit of s(17)?
5
Let p(o) = 775*o**2 - 382*o - 3071. What is the thousands digit of p(-8)?
9
Suppose 16*c + 48805 = 26*c - 38195. What is the thousands digit of c?
8
Let c be (-444)/(-22) + 10/(-55). Let w be (-3)/15 - (-564)/c. Let j = 49 + w. What is the units digit of j?
7
Let o = 52 + -51. Let b be o*10/4*254. Suppose 4*s + v - 840 = 5*v, -3*s = -2*v - b. What is the units digit of s?
5
Let q(o) = -o**3 - 20*o**2 + 18*o + 53. Let m be q(-24). Suppose -2*j + m = 3*j. What is the units digit of j?
5
Let d(j) = -6*j - 27. Let t be d(6). What is the tens digit of (-2)/(-3) + (-4305)/t?
6
Let b = -578 + 1202. What is the tens digit of b?
2
Suppose -9*w + 8*w + 717 = 0. What is the hundreds digit of 6/(w/(-180) - -4) - 4?
3
Let k(b) = b**2 + 6*b + 13. Let f(p) = 2*p**2 + 8*p + 11. Let g(t) = 2*f(t) - 3*k(t). Let m be 6 + (-2 - -3)*2. What is the units digit of g(m)?
1
Let j(w) = w**3 - 5*w**2 + 3*w + 8. Let y be j(4). Suppose 3*g + 2*q - q - 16 = 0, -5*g + 4 = -y*q. What is the units digit of g?
4
Suppose 80*l - 92*l = -99876. What is the tens digit of l?
2
Let s(u) = 3*u**2 - 25*u - 91. Let a be s(-9). Suppose 2*c - 775 = g, c = g + 3*g + a. What is the units digit of c?
9
Let u(j) = -16*j + 252. Let g be u(48). Let t = -191 - g. What is the hundreds digit of t?
3
Let t(f) = -6*f**2 - 91*f - 21. Let d be t(-15). What is the hundreds digit of 3 + -228*(d - 12/18)?
5
Let i(a) = 2*a**2 - 14*a - 12. Let l be i(9). Let c be 27588/l - ((-1)/(-2))/(-1). Suppose -4*u = -u, -4*u = 5*t - c. What is the hundreds digit of t?
2
Suppose 21*v = -64 + 1. What is the tens digit of (v + -1 + -2)*138/(-12)?
6
Let w = 223 - 202. Suppose -1364 = w*n - 8126. What is the hundreds digit of n?
3
Suppose 4*c - 9 = -21. Let r(j) = -j**2 + j + 1. Let x(m) = -m**3 - 7*m**2 + 19*m + 46. Let p(y) = c*r(y) + x(y). What is the units digit of p(-7)?
8
Let j = 108 - 106. Suppose -5*r = 4*c - 254 - 800, 4*c - 1040 = j*r. What is the tens digit of c?
6
Suppose 28991 = 11*b + 6661. Suppose b = 8*a + 326. What is the units digit of a?
3
Suppose -3*n + 11*n - 80052 = 4*n. What is the units digit of n?
3
Suppose -n = 13*z - 28262, 3*z - 84966 = 18*n - 21*n. What is the tens digit of n?
2
Suppose -1774 = -2*r + 5*q - 0*q, 4*q = 2*r - 1770. Suppose -2*a = 3*c - 1559, c - 90 = a - r. What is the hundreds digit of a?
7
Let y(k) = 4*k + 78. Let g be y(-16). What is the tens digit of g - (-48)/(4 + 4)?
2
Let y be ((-152)/20)/(26/(-65)). Suppose 0 = r + 5, 0 = -17*t + y*t + 5*r - 637. What is the tens digit of t?
3
Let k(o) = 951*o + 11327. What is the ten thousands digit of k(11)?
2
Let k = -4277 + 5311. What is the tens digit of k?
3
Let a(c) = 43*c**2 + 70*c - 238. What is the tens digit of a(15)?
8
Let k(p) = p**2 - 21*p + 83. Let u be k(35). Suppose z + 25 = u. What is the hundreds digit of z?
5
Let p(s) = -58*s - 74. Let w(h) = h**3 + 12*h**2 + 2*h + 11. Let a be w(-12). What is the hundreds digit of p(a)?
6
Let l(w) = 134*w**2 - 5*w + 1. Suppose -5*y + 27 = k, -7 - 13 = -5*k - 2*y. What is the tens digit of l(k)?
2
Let w(c) = 3*c**2 + 37*c + 8. Let f = -104 + 87. What is the hundreds digit of w(f)?
2
Suppose -13*b + 15100 = -7546. Let u = -1067 + b. What is the tens digit of u?
7
Suppose 0 = -3*q - 2*k - 5303, 4*q + 7072 = -6*k + 2*k. Let n = q - -3465. What is the thousands digit of n?
1
Suppose 4*p - 8 = -3*t + 12, 2*t - 20 = -4*p. Suppose -3*u + t*u - 12 = 3*d, 5*u - 2*d + 20 = 0. What is the tens digit of ((-8)/u)/(-1) - (-3 - 254)?
5
What is the ten thousands digit of 8/(-20) - (-23)/(345/308646)?
2
What is the ten thousands digit of (-36)/9 - (-10 + 7 - 27146)?
2
Let s(h) = -h**3 + 8*h**2 + 6*h - 47. Let b be s(8). Suppose 2*n - 620 = -2*n. Let c = n - b. What is the hundreds digit of c?
1
Let b(o) = 28 - 10*o**2 + 8*o**2 + 4*o**2 + 10*o - 15*o + 9*o. Let d(w) = w + 6. Let f be d(0). What is the tens digit of b(f)?
2
Let x be ((-16)/3)/((-3)/(-9)). Let s(m) = -36*m. Let b(o) = -74*o - 61. Let n(p) = -b(p) + 2*s(p). What is the units digit of n(x)?
9
Let x(j) be the third derivative of -j**5/60 + 12*j**2. Let s(a) = -a**3 + 6*a**2 - 4*a + 9. Let b(h) = -s(h) - 6*x(h). What is the tens digit of b(4)?
7
Let k(m) = -11*m - 110. Let f be k(-10). Suppose f = -4*y + 8*y - 1832. What is the tens digit of y?
5
Suppose -b - 4 - 1 = 0, 0 = 3*d - b + 676. Let h = -222 - d. What is the units digit of h?
5
Suppose -5*k = -2*t + 5118 - 20631, 5*k + 5*t = 15520. What is the hundreds digit of k?
1
Suppose 0 = 8*y + 13 - 45. Suppose -10*t + 60 = -y*t. What is the tens digit of 232/t*(-15)/(-6)?
5
Suppose -66*r = 3*r - 17*r - 217360. What is the thousands digit of r?
4
Suppose 3959680 = 120*t + 64*t. What is the units digit of t?
0
Let f = -1 - -3. Suppose a = 2*i + 68, 2*a + 4*i + 25 - 145 = 0. Let k = f + a. What is the tens digit of k?
6
Let v(y) = y**2 + 2*y - 1. Let p be v(1). Suppose 5*h = 2*i - 193, -i + 53 = -p*h - 24. Let x = -38 - h. What is the units digit of x?
1
Let s = -1861 - -4126. What is the units digit of s?
5
Let t = 28614 + -10937. What is the tens digit of t?
7
Suppose -5*g = -5*t + 7795 + 19000, -4*g = t - 5374. What is the hundreds digit of t?
3
Let t(w) = 6*w + 157. Let c be t(-27). Let z(v) = -57*v + 33. What is the tens digit of z(c)?
1
Suppose 20*x + 4*m = 17*x + 11921, -2*x + 7959 = 5*m. Suppose -3406 = -2*s + 2*k, -1144 - x = -3*s + 4*k. What is the tens digit of s?
0
Let s(b) = -52*b - 14. Let r(v) = 24 - 10 + v + 4 + 3*v. Let u be r(-5). What is the tens digit of s(u)?
9
Suppose -4*w - 2*g + 138 = w, 4*w + 3*g - 109 = 0. Suppose -3*r + w = n - 7, n = 2*r + 50. What is the tens digit of n?
4
Let f be (-35)/(-14) - ((-34)/4 + 2). Suppose -2*i - 5*n + 105 = 0, f*i - 54 = 8*i - n. What is the units digit of i?
5
Suppose 1998 = 5*c + 2*q, 4*c - 1604 = -q + 5*q. Suppose -4*a = c + 88. What is the units digit of (1 - 4)*a/6?
1
Let k(o) = 1635*o**2 - 81*o - 244. What is the ten thousands digit of k(-3)?
1
Let s(n) = -6*n**2 - 12. Let p(v) = -1. Let c(r) = 15*p(r) - s(r). Let y be c(3). Let a = 92 - y. What is the tens digit of a?
4
Suppose 4*m = -2 + 10, -s + 3705 = -4*m. What is the units digit of s?
3
Let t(s) be the third derivative of -13*s**6/40 + 199*s**2. Suppose 0 = -5*n + 2*n - 3. What is the tens digit of t(n)?
3
Let w(z) = -5*z**3 - 2*z**2 + 3*z + 3. Let n(m) = -2 + 14 - m**3 - 2 + 4*m**2 - 3*m. Let t be n(4). What is the tens digit of w(t)?
2
Let q(b) = 1114*b + 3546. What is the ten thousands digit of q(6)?
1
Let z(w) = 168*w - 7. Let h be z(7). Suppose -4*b + 374 = 5*p, -3*b - 4*p = -0*p - 281. Suppose -h + b = -7*c. What is the units digit of c?
4
Let d be -1*(12/(-3))/4. Let t be (0 + 0)*(-1)/(-2 - d). Suppose -255 = -5*f - 2*r, -3*r - 68 = -f - t*f. What is the tens digit of f?
5
Let w be 8/3 - 4/6 - 2. Suppose 7*s + 18 + 52 = w. Let y(h) = -7*h - 57. What is the tens digit of y(s)?
1
Let q(m) = -5*m**2 - 6*m - 28. Let c be q(15). Let z = c + 2009. What is the tens digit of z?
6
Let f(z) = -34*z**2 - 64*z + 63*z**2 - 30*z**2 + 15. What is the units digit of f(-16)?
3
Let n = 501 - -589. What is the thousands digit of n?
1
Let c be (162/(-1))/((-20)/30). Let x = -133 + c. What is the tens digit of x?
1
What is the thousands digit of ((-1605)/(-321))/((-1212)/1213 + 1)?
6
Let y(n) = 48*n - 7. Let i(s) = -2*s - 14. Let u be i(-5). Let l be (-14)/u + (-18)/12. What is the tens digit of y(l)?
8
Let r = 2845 - -11217. What is the hundreds digit of r?
0
What is the hundreds digit of 44572/12 - (-15)/9?
7
Suppose v - 10*n + 7*n + 34 = 0, 0 = -3*v + 2*n - 102. What is the units digit of v - -604 - (-5)/(-2 - -3)?
5
Let c(n) = 26*n**2 - 7*n - 51. Let l be 25/((-25)/4)*(-3)/(-2). What is the hundreds digit of c(l)?
9
Suppose -7*s - n = -4*s - 447, 4*s - 2*n = 606. What is the units digi